{"id":48,"date":"2026-01-14T17:07:01","date_gmt":"2026-01-14T17:07:01","guid":{"rendered":"http:\/\/marion-nicolas.local\/?page_id=48"},"modified":"2026-04-25T12:54:57","modified_gmt":"2026-04-25T12:54:57","slug":"blog","status":"publish","type":"page","link":"https:\/\/www.webvice.fr\/marion-nicolas\/blog\/","title":{"rendered":"Blog"},"content":{"rendered":"<p>[et_pb_section fb_built=\u00a0\u00bb1&Prime; _builder_version=\u00a0\u00bb4.27.5&Prime; _module_preset=\u00a0\u00bbdefault\u00a0\u00bb background_image=\u00a0\u00bbhttps:\/\/www.webvice.fr\/marion-nicolas\/wp-content\/uploads\/2026\/02\/252.jpg\u00a0\u00bb width=\u00a0\u00bb100%\u00a0\u00bb max_width=\u00a0\u00bb100%\u00a0\u00bb min_height_tablet=\u00a0\u00bb\u00a0\u00bb min_height_phone=\u00a0\u00bb\u00a0\u00bb min_height_last_edited=\u00a0\u00bbon|desktop\u00a0\u00bb height=\u00a0\u00bb500px\u00a0\u00bb height_tablet=\u00a0\u00bb500px\u00a0\u00bb height_phone=\u00a0\u00bb500px\u00a0\u00bb height_last_edited=\u00a0\u00bbon|desktop\u00a0\u00bb custom_margin=\u00a0\u00bb-223px||||false|false\u00a0\u00bb custom_margin_tablet=\u00a0\u00bb-223px||||false|false\u00a0\u00bb custom_margin_phone=\u00a0\u00bb-223px||||false|false\u00a0\u00bb custom_margin_last_edited=\u00a0\u00bbon|desktop\u00a0\u00bb locked=\u00a0\u00bboff\u00a0\u00bb global_colors_info=\u00a0\u00bb{}\u00a0\u00bb][et_pb_row _builder_version=\u00a0\u00bb4.27.5&Prime; _module_preset=\u00a0\u00bbdefault\u00a0\u00bb global_colors_info=\u00a0\u00bb{}\u00a0\u00bb][et_pb_column type=\u00a0\u00bb4_4&Prime; _builder_version=\u00a0\u00bb4.27.5&Prime; _module_preset=\u00a0\u00bbdefault\u00a0\u00bb global_colors_info=\u00a0\u00bb{}\u00a0\u00bb][et_pb_text _builder_version=\u00a0\u00bb4.27.5&Prime; _module_preset=\u00a0\u00bbdefault\u00a0\u00bb header_font=\u00a0\u00bbPlayfair Display|600||on|||||\u00a0\u00bb header_text_color=\u00a0\u00bb#FFFFFF\u00a0\u00bb header_font_size=\u00a0\u00bb70px\u00a0\u00bb background_layout=\u00a0\u00bbdark\u00a0\u00bb custom_margin=\u00a0\u00bb70px||0px|0px|false|false\u00a0\u00bb custom_margin_tablet=\u00a0\u00bb60px||0px||false|false\u00a0\u00bb custom_margin_phone=\u00a0\u00bb45px|||15px|false|false\u00a0\u00bb custom_margin_last_edited=\u00a0\u00bbon|phone\u00a0\u00bb header_font_size_tablet=\u00a0\u00bb55px\u00a0\u00bb header_font_size_phone=\u00a0\u00bb45px\u00a0\u00bb header_font_size_last_edited=\u00a0\u00bbon|desktop\u00a0\u00bb header_line_height_tablet=\u00a0\u00bb\u00a0\u00bb header_line_height_phone=\u00a0\u00bb1.2em\u00a0\u00bb header_line_height_last_edited=\u00a0\u00bbon|tablet\u00a0\u00bb locked=\u00a0\u00bboff\u00a0\u00bb global_colors_info=\u00a0\u00bb{}\u00a0\u00bb]<\/p>\n<h1>Blog de marion<\/h1>\n<p>[\/et_pb_text][\/et_pb_column][\/et_pb_row][\/et_pb_section][et_pb_section fb_built=\u00a0\u00bb1&Prime; admin_label=\u00a0\u00bbBlog\u00a0\u00bb _builder_version=\u00a0\u00bb4.27.5&Prime; _module_preset=\u00a0\u00bbdefault\u00a0\u00bb custom_padding=\u00a0\u00bb13px||7px|||\u00a0\u00bb global_colors_info=\u00a0\u00bb{}\u00a0\u00bb][et_pb_row _builder_version=\u00a0\u00bb4.27.5&Prime; _module_preset=\u00a0\u00bbdefault\u00a0\u00bb global_colors_info=\u00a0\u00bb{}\u00a0\u00bb][et_pb_column type=\u00a0\u00bb4_4&Prime; _builder_version=\u00a0\u00bb4.27.5&Prime; _module_preset=\u00a0\u00bbdefault\u00a0\u00bb global_colors_info=\u00a0\u00bb{}\u00a0\u00bb][et_pb_text _builder_version=\u00a0\u00bb4.27.6&Prime; _module_preset=\u00a0\u00bbdefault\u00a0\u00bb text_font=\u00a0\u00bbPoppins|||on|||||\u00a0\u00bb text_text_color=\u00a0\u00bb#666666&Prime; min_height=\u00a0\u00bb29.8px\u00a0\u00bb hover_enabled=\u00a0\u00bb0&Prime; global_colors_info=\u00a0\u00bb{}\u00a0\u00bb text_text_color__hover_enabled=\u00a0\u00bbon|desktop\u00a0\u00bb text_text_color__hover=\u00a0\u00bb#c07d76&Prime; sticky_enabled=\u00a0\u00bb0&Prime;]<\/p>\n<p><span style=\"color: #666666;\"><a href=\"\/marion-nicolas\/category\/accompagnements\/\" style=\"color: #666666;\">Accompagnements<\/a> \/ <a href=\"\/marion-nicolas\/focus-sophrologie\" style=\"color: #666666;\">Focus sophrologie<\/a> \/ <a href=\"\/marion-nicolas\/category\/inspirations\/\" style=\"color: #666666;\">Inspirations<\/a> \/ <a href=\"\/marion-nicolas\/category\/regards-professionnels\/\" style=\"color: #666666;\">Regards professionnels<\/a><\/span><\/p>\n<p>[\/et_pb_text][\/et_pb_column][\/et_pb_row][\/et_pb_section][et_pb_section fb_built=\u00a0\u00bb1&Prime; _builder_version=\u00a0\u00bb4.27.5&Prime; _module_preset=\u00a0\u00bbdefault\u00a0\u00bb custom_padding=\u00a0\u00bb9px||13px|||\u00a0\u00bb global_colors_info=\u00a0\u00bb{}\u00a0\u00bb][et_pb_row _builder_version=\u00a0\u00bb4.27.5&Prime; _module_preset=\u00a0\u00bbdefault\u00a0\u00bb custom_padding=\u00a0\u00bb||12px|||\u00a0\u00bb global_colors_info=\u00a0\u00bb{}\u00a0\u00bb][et_pb_column type=\u00a0\u00bb4_4&Prime; _builder_version=\u00a0\u00bb4.27.5&Prime; _module_preset=\u00a0\u00bbdefault\u00a0\u00bb global_colors_info=\u00a0\u00bb{}\u00a0\u00bb][et_pb_blog fullwidth=\u00a0\u00bboff\u00a0\u00bb _builder_version=\u00a0\u00bb4.27.6&Prime; _module_preset=\u00a0\u00bbdefault\u00a0\u00bb global_colors_info=\u00a0\u00bb{}\u00a0\u00bb][\/et_pb_blog][\/et_pb_column][\/et_pb_row][\/et_pb_section]<\/p>\n","protected":false},"excerpt":{"rendered":"<p>Blog de marionAccompagnements \/ Focus sophrologie \/ Inspirations \/ Regards professionnels<\/p>\n","protected":false},"author":1,"featured_media":0,"parent":0,"menu_order":0,"comment_status":"closed","ping_status":"closed","template":"","meta":{"_et_pb_use_builder":"on","_et_pb_old_content":"","_et_gb_content_width":"","footnotes":""},"class_list":["post-48","page","type-page","status-publish","hentry"],"yoast_head":"<!-- This site is optimized with the Yoast SEO plugin v27.5 - https:\/\/yoast.com\/product\/yoast-seo-wordpress\/ -->\n<title>Blog Sophrologie \u00e0 Brian\u00e7on - Conseils &amp; accompagnement<\/title>\n<meta name=\"description\" content=\"D\u00e9couvrez le blog de sophrologie \u00e0 Brian\u00e7on : conseils, astuces et articles pour sportifs et particuliers, pour mieux g\u00e9rer stress et performance.\" \/>\n<meta name=\"robots\" content=\"noindex, nofollow\" \/>\n<meta property=\"og:locale\" content=\"fr_FR\" \/>\n<meta property=\"og:type\" content=\"article\" \/>\n<meta property=\"og:title\" content=\"Blog Sophrologie \u00e0 Brian\u00e7on - Conseils &amp; accompagnement\" \/>\n<meta property=\"og:description\" content=\"D\u00e9couvrez le blog de sophrologie \u00e0 Brian\u00e7on : conseils, astuces et articles pour sportifs et particuliers, pour mieux g\u00e9rer stress et performance.\" \/>\n<meta property=\"og:url\" content=\"https:\/\/www.webvice.fr\/marion-nicolas\/blog\/\" \/>\n<meta property=\"og:site_name\" content=\"Marion Nicolas\" \/>\n<meta property=\"article:modified_time\" content=\"2026-04-25T12:54:57+00:00\" \/>\n<meta name=\"twitter:card\" content=\"summary_large_image\" \/>\n<meta name=\"twitter:label1\" content=\"Dur\u00e9e de lecture estim\u00e9e\" \/>\n\t<meta name=\"twitter:data1\" content=\"2 minutes\" \/>\n<script type=\"application\/ld+json\" class=\"yoast-schema-graph\">{\"@context\":\"https:\\\/\\\/schema.org\",\"@graph\":[{\"@type\":\"WebPage\",\"@id\":\"https:\\\/\\\/www.webvice.fr\\\/marion-nicolas\\\/blog\\\/\",\"url\":\"https:\\\/\\\/www.webvice.fr\\\/marion-nicolas\\\/blog\\\/\",\"name\":\"Blog Sophrologie \u00e0 Brian\u00e7on - Conseils & accompagnement\",\"isPartOf\":{\"@id\":\"https:\\\/\\\/www.webvice.fr\\\/marion-nicolas\\\/#website\"},\"datePublished\":\"2026-01-14T17:07:01+00:00\",\"dateModified\":\"2026-04-25T12:54:57+00:00\",\"description\":\"D\u00e9couvrez le blog de sophrologie \u00e0 Brian\u00e7on : conseils, astuces et articles pour sportifs et particuliers, pour mieux g\u00e9rer stress et performance.\",\"breadcrumb\":{\"@id\":\"https:\\\/\\\/www.webvice.fr\\\/marion-nicolas\\\/blog\\\/#breadcrumb\"},\"inLanguage\":\"fr-FR\",\"potentialAction\":[{\"@type\":\"ReadAction\",\"target\":[\"https:\\\/\\\/www.webvice.fr\\\/marion-nicolas\\\/blog\\\/\"]}]},{\"@type\":\"BreadcrumbList\",\"@id\":\"https:\\\/\\\/www.webvice.fr\\\/marion-nicolas\\\/blog\\\/#breadcrumb\",\"itemListElement\":[{\"@type\":\"ListItem\",\"position\":1,\"name\":\"Accueil\",\"item\":\"https:\\\/\\\/www.webvice.fr\\\/marion-nicolas\\\/\"},{\"@type\":\"ListItem\",\"position\":2,\"name\":\"Blog\"}]},{\"@type\":\"WebSite\",\"@id\":\"https:\\\/\\\/www.webvice.fr\\\/marion-nicolas\\\/#website\",\"url\":\"https:\\\/\\\/www.webvice.fr\\\/marion-nicolas\\\/\",\"name\":\"Marion Nicolas\",\"description\":\"\",\"potentialAction\":[{\"@type\":\"SearchAction\",\"target\":{\"@type\":\"EntryPoint\",\"urlTemplate\":\"https:\\\/\\\/www.webvice.fr\\\/marion-nicolas\\\/?s={search_term_string}\"},\"query-input\":{\"@type\":\"PropertyValueSpecification\",\"valueRequired\":true,\"valueName\":\"search_term_string\"}}],\"inLanguage\":\"fr-FR\"}]}<\/script>\n<!-- \/ Yoast SEO plugin. -->","yoast_head_json":{"title":"Blog Sophrologie \u00e0 Brian\u00e7on - Conseils & accompagnement","description":"D\u00e9couvrez le blog de sophrologie \u00e0 Brian\u00e7on : conseils, astuces et articles pour sportifs et particuliers, pour mieux g\u00e9rer stress et performance.","robots":{"index":"noindex","follow":"nofollow"},"og_locale":"fr_FR","og_type":"article","og_title":"Blog Sophrologie \u00e0 Brian\u00e7on - Conseils & accompagnement","og_description":"D\u00e9couvrez le blog de sophrologie \u00e0 Brian\u00e7on : conseils, astuces et articles pour sportifs et particuliers, pour mieux g\u00e9rer stress et performance.","og_url":"https:\/\/www.webvice.fr\/marion-nicolas\/blog\/","og_site_name":"Marion Nicolas","article_modified_time":"2026-04-25T12:54:57+00:00","twitter_card":"summary_large_image","twitter_misc":{"Dur\u00e9e de lecture estim\u00e9e":"2 minutes"},"schema":{"@context":"https:\/\/schema.org","@graph":[{"@type":"WebPage","@id":"https:\/\/www.webvice.fr\/marion-nicolas\/blog\/","url":"https:\/\/www.webvice.fr\/marion-nicolas\/blog\/","name":"Blog Sophrologie \u00e0 Brian\u00e7on - Conseils & accompagnement","isPartOf":{"@id":"https:\/\/www.webvice.fr\/marion-nicolas\/#website"},"datePublished":"2026-01-14T17:07:01+00:00","dateModified":"2026-04-25T12:54:57+00:00","description":"D\u00e9couvrez le blog de sophrologie \u00e0 Brian\u00e7on : conseils, astuces et articles pour sportifs et particuliers, pour mieux g\u00e9rer stress et performance.","breadcrumb":{"@id":"https:\/\/www.webvice.fr\/marion-nicolas\/blog\/#breadcrumb"},"inLanguage":"fr-FR","potentialAction":[{"@type":"ReadAction","target":["https:\/\/www.webvice.fr\/marion-nicolas\/blog\/"]}]},{"@type":"BreadcrumbList","@id":"https:\/\/www.webvice.fr\/marion-nicolas\/blog\/#breadcrumb","itemListElement":[{"@type":"ListItem","position":1,"name":"Accueil","item":"https:\/\/www.webvice.fr\/marion-nicolas\/"},{"@type":"ListItem","position":2,"name":"Blog"}]},{"@type":"WebSite","@id":"https:\/\/www.webvice.fr\/marion-nicolas\/#website","url":"https:\/\/www.webvice.fr\/marion-nicolas\/","name":"Marion Nicolas","description":"","potentialAction":[{"@type":"SearchAction","target":{"@type":"EntryPoint","urlTemplate":"https:\/\/www.webvice.fr\/marion-nicolas\/?s={search_term_string}"},"query-input":{"@type":"PropertyValueSpecification","valueRequired":true,"valueName":"search_term_string"}}],"inLanguage":"fr-FR"}]}},"_links":{"self":[{"href":"https:\/\/www.webvice.fr\/marion-nicolas\/wp-json\/wp\/v2\/pages\/48","targetHints":{"allow":["GET"]}}],"collection":[{"href":"https:\/\/www.webvice.fr\/marion-nicolas\/wp-json\/wp\/v2\/pages"}],"about":[{"href":"https:\/\/www.webvice.fr\/marion-nicolas\/wp-json\/wp\/v2\/types\/page"}],"author":[{"embeddable":true,"href":"https:\/\/www.webvice.fr\/marion-nicolas\/wp-json\/wp\/v2\/users\/1"}],"replies":[{"embeddable":true,"href":"https:\/\/www.webvice.fr\/marion-nicolas\/wp-json\/wp\/v2\/comments?post=48"}],"version-history":[{"count":49,"href":"https:\/\/www.webvice.fr\/marion-nicolas\/wp-json\/wp\/v2\/pages\/48\/revisions"}],"predecessor-version":[{"id":1471,"href":"https:\/\/www.webvice.fr\/marion-nicolas\/wp-json\/wp\/v2\/pages\/48\/revisions\/1471"}],"wp:attachment":[{"href":"https:\/\/www.webvice.fr\/marion-nicolas\/wp-json\/wp\/v2\/media?parent=48"}],"curies":[{"name":"wp","href":"https:\/\/api.w.org\/{rel}","templated":true}]}}