{"id":132,"date":"2025-03-11T09:57:57","date_gmt":"2025-03-11T09:57:57","guid":{"rendered":"https:\/\/www.webvice.fr\/labellechaussure\/?post_type=product&#038;p=132"},"modified":"2026-01-04T10:08:33","modified_gmt":"2026-01-04T10:08:33","slug":"chaussure-lalabelle","status":"publish","type":"product","link":"https:\/\/www.webvice.fr\/labellechaussure\/produit\/chaussure-lalabelle\/","title":{"rendered":"Chaussure Lalabelle"},"content":{"rendered":"<p>[et_pb_section fb_built=\u00a0\u00bb1&Prime; _builder_version=\u00a0\u00bb4.16&Prime; custom_padding=\u00a0\u00bb0px||||false|false\u00a0\u00bb global_colors_info=\u00a0\u00bb{}\u00a0\u00bb][et_pb_row _builder_version=\u00a0\u00bb4.16&Prime; background_size=\u00a0\u00bbinitial\u00a0\u00bb background_position=\u00a0\u00bbtop_left\u00a0\u00bb background_repeat=\u00a0\u00bbrepeat\u00a0\u00bb width=\u00a0\u00bb100%\u00a0\u00bb custom_padding=\u00a0\u00bb0px||0px||false|false\u00a0\u00bb global_colors_info=\u00a0\u00bb{}\u00a0\u00bb][et_pb_column type=\u00a0\u00bb4_4&Prime; _builder_version=\u00a0\u00bb4.16&Prime; custom_padding=\u00a0\u00bb|||\u00a0\u00bb global_colors_info=\u00a0\u00bb{}\u00a0\u00bb custom_padding__hover=\u00a0\u00bb|||\u00a0\u00bb][et_pb_wc_breadcrumb _builder_version=\u00a0\u00bb4.16&Prime; global_colors_info=\u00a0\u00bb{}\u00a0\u00bb][\/et_pb_wc_breadcrumb][et_pb_wc_cart_notice _builder_version=\u00a0\u00bb4.16&Prime; global_colors_info=\u00a0\u00bb{}\u00a0\u00bb][\/et_pb_wc_cart_notice][\/et_pb_column][\/et_pb_row][et_pb_row _builder_version=\u00a0\u00bb4.16&Prime; background_size=\u00a0\u00bbinitial\u00a0\u00bb background_position=\u00a0\u00bbtop_left\u00a0\u00bb background_repeat=\u00a0\u00bbrepeat\u00a0\u00bb width=\u00a0\u00bb100%\u00a0\u00bb custom_padding=\u00a0\u00bb0px||||false|false\u00a0\u00bb global_colors_info=\u00a0\u00bb{}\u00a0\u00bb column_structure=\u00a0\u00bb1_2,1_2&Prime;][et_pb_column type=\u00a0\u00bb1_2&Prime; _builder_version=\u00a0\u00bb4.16&Prime; custom_padding=\u00a0\u00bb|||\u00a0\u00bb global_colors_info=\u00a0\u00bb{}\u00a0\u00bb custom_padding__hover=\u00a0\u00bb|||\u00a0\u00bb][et_pb_wc_images _builder_version=\u00a0\u00bb4.16&Prime; global_colors_info=\u00a0\u00bb{}\u00a0\u00bb][\/et_pb_wc_images][\/et_pb_column][et_pb_column type=\u00a0\u00bb1_2&Prime; _builder_version=\u00a0\u00bb4.16&Prime; custom_padding=\u00a0\u00bb|||\u00a0\u00bb global_colors_info=\u00a0\u00bb{}\u00a0\u00bb custom_padding__hover=\u00a0\u00bb|||\u00a0\u00bb][et_pb_wc_title _builder_version=\u00a0\u00bb4.16&Prime; global_colors_info=\u00a0\u00bb{}\u00a0\u00bb][\/et_pb_wc_title][et_pb_wc_rating _builder_version=\u00a0\u00bb4.16&Prime; global_colors_info=\u00a0\u00bb{}\u00a0\u00bb][\/et_pb_wc_rating][et_pb_wc_price _builder_version=\u00a0\u00bb4.16&Prime; global_colors_info=\u00a0\u00bb{}\u00a0\u00bb][\/et_pb_wc_price][et_pb_wc_description _builder_version=\u00a0\u00bb4.16&Prime; global_colors_info=\u00a0\u00bb{}\u00a0\u00bb][\/et_pb_wc_description][et_pb_wc_add_to_cart _builder_version=\u00a0\u00bb4.16&Prime; global_colors_info=\u00a0\u00bb{}\u00a0\u00bb][\/et_pb_wc_add_to_cart][et_pb_wc_meta _builder_version=\u00a0\u00bb4.16&Prime; global_colors_info=\u00a0\u00bb{}\u00a0\u00bb][\/et_pb_wc_meta][\/et_pb_column][\/et_pb_row][et_pb_row _builder_version=\u00a0\u00bb4.16&Prime; background_size=\u00a0\u00bbinitial\u00a0\u00bb background_position=\u00a0\u00bbtop_left\u00a0\u00bb background_repeat=\u00a0\u00bbrepeat\u00a0\u00bb width=\u00a0\u00bb100%\u00a0\u00bb global_colors_info=\u00a0\u00bb{}\u00a0\u00bb][et_pb_column type=\u00a0\u00bb4_4&Prime; _builder_version=\u00a0\u00bb4.16&Prime; custom_padding=\u00a0\u00bb|||\u00a0\u00bb global_colors_info=\u00a0\u00bb{}\u00a0\u00bb custom_padding__hover=\u00a0\u00bb|||\u00a0\u00bb][et_pb_wc_tabs _builder_version=\u00a0\u00bb4.27.4&Prime; hover_enabled=\u00a0\u00bb0&Prime; global_colors_info=\u00a0\u00bb{}\u00a0\u00bb include_tabs=\u00a0\u00bbdescription|additional_information|\u00a0\u00bb sticky_enabled=\u00a0\u00bb0&Prime;]\t\t\t\t\t[\/et_pb_wc_tabs][et_pb_wc_upsells _builder_version=\u00a0\u00bb4.16&Prime; global_colors_info=\u00a0\u00bb{}\u00a0\u00bb][\/et_pb_wc_upsells][et_pb_wc_related_products _builder_version=\u00a0\u00bb4.16&Prime; global_colors_info=\u00a0\u00bb{}\u00a0\u00bb][\/et_pb_wc_related_products][\/et_pb_column][\/et_pb_row][\/et_pb_section]<\/p>\n","protected":false},"excerpt":{"rendered":"<p>Chaussure pour femme \u00ab\u00a0Lalabelle\u00a0\u00bb.<\/p>\n","protected":false},"featured_media":189,"comment_status":"open","ping_status":"closed","template":"","meta":{"_et_pb_use_builder":"on","_et_pb_old_content":"L'escarpin Lalabelle incarne l'\u00e9l\u00e9gance intemporelle et le raffinement. Con\u00e7u pour les femmes modernes qui cherchent \u00e0 allier confort et style, cet escarpin se distingue par ses lignes \u00e9pur\u00e9es et sa silhouette d\u00e9licate. Sa tige en cuir souple, soigneusement travaill\u00e9e, \u00e9pouse parfaitement la forme du pied, offrant \u00e0 la fois soutien et flexibilit\u00e9. Le talon fin et stable \u00e9l\u00e8ve la silhouette tout en garantissant une d\u00e9marche assur\u00e9e, m\u00eame apr\u00e8s plusieurs heures de port.","_et_gb_content_width":""},"product_brand":[],"product_cat":[29],"product_tag":[],"class_list":{"0":"post-132","1":"product","2":"type-product","3":"status-publish","4":"has-post-thumbnail","6":"product_cat-escarpin","8":"first","9":"instock","10":"taxable","11":"shipping-taxable","12":"purchasable","13":"product-type-simple"},"yoast_head":"<!-- This site is optimized with the Yoast SEO plugin v27.4 - https:\/\/yoast.com\/product\/yoast-seo-wordpress\/ -->\n<title>Chaussure Lalabelle - La belle chaussure<\/title>\n<meta name=\"robots\" content=\"index, follow, max-snippet:-1, max-image-preview:large, max-video-preview:-1\" \/>\n<link rel=\"canonical\" href=\"https:\/\/www.webvice.fr\/labellechaussure\/produit\/chaussure-lalabelle\/\" \/>\n<meta property=\"og:locale\" content=\"fr_FR\" \/>\n<meta property=\"og:type\" content=\"article\" \/>\n<meta property=\"og:title\" content=\"Chaussure Lalabelle - La belle chaussure\" \/>\n<meta property=\"og:description\" content=\"Chaussure pour femme &quot;Lalabelle&quot;.\" \/>\n<meta property=\"og:url\" content=\"https:\/\/www.webvice.fr\/labellechaussure\/produit\/chaussure-lalabelle\/\" \/>\n<meta property=\"og:site_name\" content=\"La belle chaussure\" \/>\n<meta property=\"article:modified_time\" content=\"2026-01-04T10:08:33+00:00\" \/>\n<meta property=\"og:image\" content=\"https:\/\/www.webvice.fr\/labellechaussure\/wp-content\/uploads\/2025\/03\/women-s-red-high-heel-shoes-formal-fashion.webp\" \/>\n\t<meta property=\"og:image:width\" content=\"600\" \/>\n\t<meta property=\"og:image:height\" content=\"400\" \/>\n\t<meta property=\"og:image:type\" content=\"image\/webp\" \/>\n<meta name=\"twitter:card\" content=\"summary_large_image\" \/>\n<meta name=\"twitter:label1\" content=\"Dur\u00e9e de lecture estim\u00e9e\" \/>\n\t<meta name=\"twitter:data1\" content=\"1 minute\" \/>\n<script type=\"application\/ld+json\" class=\"yoast-schema-graph\">{\"@context\":\"https:\\\/\\\/schema.org\",\"@graph\":[{\"@type\":\"WebPage\",\"@id\":\"https:\\\/\\\/www.webvice.fr\\\/labellechaussure\\\/produit\\\/chaussure-lalabelle\\\/\",\"url\":\"https:\\\/\\\/www.webvice.fr\\\/labellechaussure\\\/produit\\\/chaussure-lalabelle\\\/\",\"name\":\"Chaussure Lalabelle - La belle chaussure\",\"isPartOf\":{\"@id\":\"https:\\\/\\\/www.webvice.fr\\\/labellechaussure\\\/#website\"},\"primaryImageOfPage\":{\"@id\":\"https:\\\/\\\/www.webvice.fr\\\/labellechaussure\\\/produit\\\/chaussure-lalabelle\\\/#primaryimage\"},\"image\":{\"@id\":\"https:\\\/\\\/www.webvice.fr\\\/labellechaussure\\\/produit\\\/chaussure-lalabelle\\\/#primaryimage\"},\"thumbnailUrl\":\"https:\\\/\\\/www.webvice.fr\\\/labellechaussure\\\/wp-content\\\/uploads\\\/2025\\\/03\\\/women-s-red-high-heel-shoes-formal-fashion.webp\",\"datePublished\":\"2025-03-11T09:57:57+00:00\",\"dateModified\":\"2026-01-04T10:08:33+00:00\",\"breadcrumb\":{\"@id\":\"https:\\\/\\\/www.webvice.fr\\\/labellechaussure\\\/produit\\\/chaussure-lalabelle\\\/#breadcrumb\"},\"inLanguage\":\"fr-FR\",\"potentialAction\":[{\"@type\":\"ReadAction\",\"target\":[\"https:\\\/\\\/www.webvice.fr\\\/labellechaussure\\\/produit\\\/chaussure-lalabelle\\\/\"]}]},{\"@type\":\"ImageObject\",\"inLanguage\":\"fr-FR\",\"@id\":\"https:\\\/\\\/www.webvice.fr\\\/labellechaussure\\\/produit\\\/chaussure-lalabelle\\\/#primaryimage\",\"url\":\"https:\\\/\\\/www.webvice.fr\\\/labellechaussure\\\/wp-content\\\/uploads\\\/2025\\\/03\\\/women-s-red-high-heel-shoes-formal-fashion.webp\",\"contentUrl\":\"https:\\\/\\\/www.webvice.fr\\\/labellechaussure\\\/wp-content\\\/uploads\\\/2025\\\/03\\\/women-s-red-high-heel-shoes-formal-fashion.webp\",\"width\":600,\"height\":400,\"caption\":\"chaussure lalabelle rouge\"},{\"@type\":\"BreadcrumbList\",\"@id\":\"https:\\\/\\\/www.webvice.fr\\\/labellechaussure\\\/produit\\\/chaussure-lalabelle\\\/#breadcrumb\",\"itemListElement\":[{\"@type\":\"ListItem\",\"position\":1,\"name\":\"Accueil\",\"item\":\"https:\\\/\\\/www.webvice.fr\\\/labellechaussure\\\/\"},{\"@type\":\"ListItem\",\"position\":2,\"name\":\"Boutique\",\"item\":\"https:\\\/\\\/www.webvice.fr\\\/labellechaussure\\\/boutique\\\/\"},{\"@type\":\"ListItem\",\"position\":3,\"name\":\"Chaussure Lalabelle\"}]},{\"@type\":\"WebSite\",\"@id\":\"https:\\\/\\\/www.webvice.fr\\\/labellechaussure\\\/#website\",\"url\":\"https:\\\/\\\/www.webvice.fr\\\/labellechaussure\\\/\",\"name\":\"La belle chaussure\",\"description\":\"Chaussure \u00e0 votre pied\",\"potentialAction\":[{\"@type\":\"SearchAction\",\"target\":{\"@type\":\"EntryPoint\",\"urlTemplate\":\"https:\\\/\\\/www.webvice.fr\\\/labellechaussure\\\/?s={search_term_string}\"},\"query-input\":{\"@type\":\"PropertyValueSpecification\",\"valueRequired\":true,\"valueName\":\"search_term_string\"}}],\"inLanguage\":\"fr-FR\"}]}<\/script>\n<!-- \/ Yoast SEO plugin. -->","yoast_head_json":{"title":"Chaussure Lalabelle - La belle chaussure","robots":{"index":"index","follow":"follow","max-snippet":"max-snippet:-1","max-image-preview":"max-image-preview:large","max-video-preview":"max-video-preview:-1"},"canonical":"https:\/\/www.webvice.fr\/labellechaussure\/produit\/chaussure-lalabelle\/","og_locale":"fr_FR","og_type":"article","og_title":"Chaussure Lalabelle - La belle chaussure","og_description":"Chaussure pour femme \"Lalabelle\".","og_url":"https:\/\/www.webvice.fr\/labellechaussure\/produit\/chaussure-lalabelle\/","og_site_name":"La belle chaussure","article_modified_time":"2026-01-04T10:08:33+00:00","og_image":[{"width":600,"height":400,"url":"https:\/\/www.webvice.fr\/labellechaussure\/wp-content\/uploads\/2025\/03\/women-s-red-high-heel-shoes-formal-fashion.webp","type":"image\/webp"}],"twitter_card":"summary_large_image","twitter_misc":{"Dur\u00e9e de lecture estim\u00e9e":"1 minute"},"schema":{"@context":"https:\/\/schema.org","@graph":[{"@type":"WebPage","@id":"https:\/\/www.webvice.fr\/labellechaussure\/produit\/chaussure-lalabelle\/","url":"https:\/\/www.webvice.fr\/labellechaussure\/produit\/chaussure-lalabelle\/","name":"Chaussure Lalabelle - La belle chaussure","isPartOf":{"@id":"https:\/\/www.webvice.fr\/labellechaussure\/#website"},"primaryImageOfPage":{"@id":"https:\/\/www.webvice.fr\/labellechaussure\/produit\/chaussure-lalabelle\/#primaryimage"},"image":{"@id":"https:\/\/www.webvice.fr\/labellechaussure\/produit\/chaussure-lalabelle\/#primaryimage"},"thumbnailUrl":"https:\/\/www.webvice.fr\/labellechaussure\/wp-content\/uploads\/2025\/03\/women-s-red-high-heel-shoes-formal-fashion.webp","datePublished":"2025-03-11T09:57:57+00:00","dateModified":"2026-01-04T10:08:33+00:00","breadcrumb":{"@id":"https:\/\/www.webvice.fr\/labellechaussure\/produit\/chaussure-lalabelle\/#breadcrumb"},"inLanguage":"fr-FR","potentialAction":[{"@type":"ReadAction","target":["https:\/\/www.webvice.fr\/labellechaussure\/produit\/chaussure-lalabelle\/"]}]},{"@type":"ImageObject","inLanguage":"fr-FR","@id":"https:\/\/www.webvice.fr\/labellechaussure\/produit\/chaussure-lalabelle\/#primaryimage","url":"https:\/\/www.webvice.fr\/labellechaussure\/wp-content\/uploads\/2025\/03\/women-s-red-high-heel-shoes-formal-fashion.webp","contentUrl":"https:\/\/www.webvice.fr\/labellechaussure\/wp-content\/uploads\/2025\/03\/women-s-red-high-heel-shoes-formal-fashion.webp","width":600,"height":400,"caption":"chaussure lalabelle rouge"},{"@type":"BreadcrumbList","@id":"https:\/\/www.webvice.fr\/labellechaussure\/produit\/chaussure-lalabelle\/#breadcrumb","itemListElement":[{"@type":"ListItem","position":1,"name":"Accueil","item":"https:\/\/www.webvice.fr\/labellechaussure\/"},{"@type":"ListItem","position":2,"name":"Boutique","item":"https:\/\/www.webvice.fr\/labellechaussure\/boutique\/"},{"@type":"ListItem","position":3,"name":"Chaussure Lalabelle"}]},{"@type":"WebSite","@id":"https:\/\/www.webvice.fr\/labellechaussure\/#website","url":"https:\/\/www.webvice.fr\/labellechaussure\/","name":"La belle chaussure","description":"Chaussure \u00e0 votre pied","potentialAction":[{"@type":"SearchAction","target":{"@type":"EntryPoint","urlTemplate":"https:\/\/www.webvice.fr\/labellechaussure\/?s={search_term_string}"},"query-input":{"@type":"PropertyValueSpecification","valueRequired":true,"valueName":"search_term_string"}}],"inLanguage":"fr-FR"}]}},"_links":{"self":[{"href":"https:\/\/www.webvice.fr\/labellechaussure\/wp-json\/wp\/v2\/product\/132","targetHints":{"allow":["GET"]}}],"collection":[{"href":"https:\/\/www.webvice.fr\/labellechaussure\/wp-json\/wp\/v2\/product"}],"about":[{"href":"https:\/\/www.webvice.fr\/labellechaussure\/wp-json\/wp\/v2\/types\/product"}],"replies":[{"embeddable":true,"href":"https:\/\/www.webvice.fr\/labellechaussure\/wp-json\/wp\/v2\/comments?post=132"}],"wp:featuredmedia":[{"embeddable":true,"href":"https:\/\/www.webvice.fr\/labellechaussure\/wp-json\/wp\/v2\/media\/189"}],"wp:attachment":[{"href":"https:\/\/www.webvice.fr\/labellechaussure\/wp-json\/wp\/v2\/media?parent=132"}],"wp:term":[{"taxonomy":"product_brand","embeddable":true,"href":"https:\/\/www.webvice.fr\/labellechaussure\/wp-json\/wp\/v2\/product_brand?post=132"},{"taxonomy":"product_cat","embeddable":true,"href":"https:\/\/www.webvice.fr\/labellechaussure\/wp-json\/wp\/v2\/product_cat?post=132"},{"taxonomy":"product_tag","embeddable":true,"href":"https:\/\/www.webvice.fr\/labellechaussure\/wp-json\/wp\/v2\/product_tag?post=132"}],"curies":[{"name":"wp","href":"https:\/\/api.w.org\/{rel}","templated":true}]}}