{"id":202,"date":"2025-09-09T10:02:26","date_gmt":"2025-09-09T10:02:26","guid":{"rendered":"http:\/\/douces-merveilles.local\/?page_id=202"},"modified":"2025-10-31T12:24:25","modified_gmt":"2025-10-31T12:24:25","slug":"mentions-legales","status":"publish","type":"page","link":"https:\/\/www.webvice.fr\/douces-merveilles\/mentions-legales\/","title":{"rendered":"Mentions l\u00e9gales"},"content":{"rendered":"<p>[et_pb_section fb_built=\u00a0\u00bb1&Prime; _builder_version=\u00a0\u00bb4.27.4&Prime; _module_preset=\u00a0\u00bbdefault\u00a0\u00bb global_colors_info=\u00a0\u00bb{}\u00a0\u00bb][et_pb_row _builder_version=\u00a0\u00bb4.27.4&Prime; _module_preset=\u00a0\u00bbdefault\u00a0\u00bb global_colors_info=\u00a0\u00bb{}\u00a0\u00bb][et_pb_column type=\u00a0\u00bb4_4&Prime; _builder_version=\u00a0\u00bb4.27.4&Prime; _module_preset=\u00a0\u00bbdefault\u00a0\u00bb global_colors_info=\u00a0\u00bb{}\u00a0\u00bb][et_pb_text _builder_version=\u00a0\u00bb4.27.4&Prime; _module_preset=\u00a0\u00bbdefault\u00a0\u00bb text_font_size=\u00a0\u00bb40px\u00a0\u00bb min_height=\u00a0\u00bb33.8px\u00a0\u00bb custom_padding=\u00a0\u00bb||0px|||\u00a0\u00bb text_font_size_tablet=\u00a0\u00bb40px\u00a0\u00bb text_font_size_phone=\u00a0\u00bb30px\u00a0\u00bb text_font_size_last_edited=\u00a0\u00bbon|phone\u00a0\u00bb global_colors_info=\u00a0\u00bb{}\u00a0\u00bb]<\/p>\n<p><span style=\"color: #000000;\"><strong>Mentions l\u00e9gales<\/strong><\/span><\/p>\n<p>[\/et_pb_text][et_pb_text _builder_version=\u00a0\u00bb4.27.4&Prime; _module_preset=\u00a0\u00bbdefault\u00a0\u00bb global_colors_info=\u00a0\u00bb{}\u00a0\u00bb]<\/p>\n<h3 data-start=\"346\" data-end=\"391\">1. <strong data-start=\"353\" data-end=\"391\">Informations sur l\u2019\u00e9diteur du site<\/strong><\/h3>\n<blockquote data-start=\"392\" data-end=\"417\">\n<p data-start=\"394\" data-end=\"417\"><strong data-start=\"419\" data-end=\"444\" style=\"font-size: 14px;\">Nom de l\u2019entreprise :<\/strong><span style=\"font-size: 14px;\"> Douces Merveilles (Emmanuelle Di salvo EI)<\/span><\/p>\n<p><strong data-start=\"465\" data-end=\"487\">Statut juridique :<\/strong> auto-entreprise<br data-start=\"534\" data-end=\"537\" \/><strong data-start=\"537\" data-end=\"560\">Nom de la g\u00e9rante :<\/strong> Emmanuelle Disalvo<br data-start=\"588\" data-end=\"591\" \/><strong data-start=\"591\" data-end=\"613\">Adresse du si\u00e8ge :<\/strong> 6b rue Co\u00ebtlosquet 57245 Peltre<br data-start=\"632\" data-end=\"635\" \/><strong data-start=\"635\" data-end=\"650\">T\u00e9l\u00e9phone :<\/strong> 07 49 41 87 27<br data-start=\"659\" data-end=\"662\" \/><strong data-start=\"662\" data-end=\"674\">E-mail :<\/strong> contactdoucesmerveilles@gmail.com<br data-start=\"703\" data-end=\"706\" \/><strong data-start=\"706\" data-end=\"724\">Num\u00e9ro SIRET :<\/strong> <span>91818234600026<\/span><\/p>\n<h3 data-start=\"950\" data-end=\"980\"><\/h3>\n<h3 data-start=\"950\" data-end=\"980\"><\/h3>\n<h3 data-start=\"950\" data-end=\"980\"><\/h3>\n<h3 data-start=\"950\" data-end=\"980\"><\/h3>\n<h3 data-start=\"950\" data-end=\"980\">2. <strong data-start=\"957\" data-end=\"980\">H\u00e9bergement du site<\/strong><\/h3>\n<h3 data-start=\"950\" data-end=\"980\"><strong data-start=\"1021\" data-end=\"1036\" style=\"font-size: 14px; color: #666666;\"><\/strong><\/h3>\n<h3 data-start=\"950\" data-end=\"980\"><strong data-start=\"1021\" data-end=\"1036\" style=\"font-size: 14px; color: #666666;\">H\u00e9bergeur :<\/strong><span style=\"font-size: 14px; color: #666666;\"> OVH<\/span><\/h3>\n<p data-start=\"1021\" data-end=\"1225\"><strong data-start=\"1048\" data-end=\"1061\">Adresse :<\/strong> <span>2 rue Kellermann &#8211; 59100 Roubaix &#8211; France<\/span><br data-start=\"1124\" data-end=\"1127\" \/><strong data-start=\"1127\" data-end=\"1142\">T\u00e9l\u00e9phone :<\/strong> 0<span>9 72 10 10 07<\/span><br data-start=\"1157\" data-end=\"1160\" \/><strong data-start=\"1160\" data-end=\"1174\">Site web : <\/strong><a href=\"https:\/\/www.ovhcloud.com\/fr\/\">https:\/\/www.ovhcloud.com\/fr\/<\/a><\/p>\n<h3 data-start=\"1232\" data-end=\"1267\"><\/h3>\n<h3 data-start=\"1232\" data-end=\"1267\"><\/h3>\n<h3 data-start=\"1232\" data-end=\"1267\"><\/h3>\n<h3 data-start=\"1232\" data-end=\"1267\"><\/h3>\n<h3 data-start=\"1232\" data-end=\"1267\">3. <strong data-start=\"1239\" data-end=\"1267\">Propri\u00e9t\u00e9 intellectuelle<\/strong><strong data-start=\"1239\" data-end=\"1267\"><\/strong><\/h3>\n<p data-start=\"1314\" data-end=\"1648\">L\u2019ensemble du contenu pr\u00e9sent sur le site <a href=\"www.douces-merveilles.fr\">www.douces-merveilles.fr<\/a> (textes, images, graphismes, logo, etc.) est prot\u00e9g\u00e9 par le droit d\u2019auteur et la propri\u00e9t\u00e9 intellectuelle.<br data-start=\"1486\" data-end=\"1489\" \/>Toute reproduction, repr\u00e9sentation, modification ou utilisation du contenu, sans autorisation pr\u00e9alable \u00e9crite de Douces Merveilles, est strictement interdite.<\/p>\n<h3 data-start=\"1655\" data-end=\"1680\"><\/h3>\n<h3 data-start=\"1655\" data-end=\"1680\"><\/h3>\n<h3 data-start=\"1655\" data-end=\"1680\"><\/h3>\n<h3 data-start=\"1655\" data-end=\"1680\"><\/h3>\n<h3 data-start=\"1655\" data-end=\"1680\">4. <strong data-start=\"1662\" data-end=\"1680\">Responsabilit\u00e9<\/strong><\/h3>\n<p data-start=\"1728\" data-end=\"2022\">Douces Merveilles met tout en \u0153uvre pour assurer l\u2019exactitude et la mise \u00e0 jour des informations publi\u00e9es.<br data-start=\"1834\" data-end=\"1837\" \/>Cependant, elle ne saurait \u00eatre tenue responsable d\u2019erreurs, d\u2019omissions ou d\u2019une indisponibilit\u00e9 du site.<br data-start=\"1943\" data-end=\"1946\" \/>L\u2019utilisation du site se fait sous la seule responsabilit\u00e9 de l\u2019utilisateur.<\/p>\n<h3 data-start=\"2029\" data-end=\"2082\"><\/h3>\n<h3 data-start=\"2029\" data-end=\"2082\"><\/h3>\n<h3 data-start=\"2029\" data-end=\"2082\"><\/h3>\n<h3 data-start=\"2029\" data-end=\"2082\"><\/h3>\n<h3 data-start=\"2029\" data-end=\"2082\">5. <strong data-start=\"2036\" data-end=\"2082\">Protection des donn\u00e9es personnelles (RGPD)<\/strong><\/h3>\n<p><strong data-start=\"2036\" data-end=\"2082\"><\/strong><\/p>\n<p><strong data-start=\"2036\" data-end=\"2082\"><\/strong><\/p>\n<p><strong data-start=\"2036\" data-end=\"2082\"><\/strong><\/p>\n<p data-start=\"2126\" data-end=\"2555\">Les informations personnelles recueillies via les formulaires (nom, e-mail, t\u00e9l\u00e9phone, etc.) sont utilis\u00e9es uniquement pour r\u00e9pondre aux demandes des utilisateurs ou assurer le suivi des prestations.<br data-start=\"2325\" data-end=\"2328\" \/>Conform\u00e9ment au <strong data-start=\"2344\" data-end=\"2402\">R\u00e8glement G\u00e9n\u00e9ral sur la Protection des Donn\u00e9es (RGPD)<\/strong>, tu peux exercer ton droit d\u2019acc\u00e8s, de rectification ou de suppression de tes donn\u00e9es personnelles en \u00e9crivant \u00e0 :<br data-start=\"2517\" data-end=\"2520\" \/>\ud83d\udce7 contactdoucesmerveilles@gmail.com<\/p>\n<p data-start=\"2557\" data-end=\"2627\">Aucune donn\u00e9e n\u2019est transmise \u00e0 des tiers sans consentement explicite.<\/p>\n<h3 data-start=\"2634\" data-end=\"2652\"><\/h3>\n<h3 data-start=\"2634\" data-end=\"2652\"><\/h3>\n<h3 data-start=\"2634\" data-end=\"2652\"><\/h3>\n<h3 data-start=\"2634\" data-end=\"2652\"><\/h3>\n<h3 data-start=\"2634\" data-end=\"2652\">6. <strong data-start=\"2641\" data-end=\"2652\">Cookies<\/strong><\/h3>\n<p data-start=\"2735\" data-end=\"2929\">Le site peut utiliser des cookies pour am\u00e9liorer la navigation ou mesurer l\u2019audience.<br data-start=\"2820\" data-end=\"2823\" \/>L\u2019utilisateur peut \u00e0 tout moment refuser ou supprimer les cookies depuis les param\u00e8tres de son navigateur.<\/p>\n<h3 data-start=\"2936\" data-end=\"2963\"><\/h3>\n<h3 data-start=\"2936\" data-end=\"2963\"><\/h3>\n<h3 data-start=\"2936\" data-end=\"2963\"><\/h3>\n<h3 data-start=\"2936\" data-end=\"2963\"><\/h3>\n<h3 data-start=\"2936\" data-end=\"2963\">7. <strong data-start=\"2943\" data-end=\"2963\">Droit applicable<\/strong><\/h3>\n<p data-start=\"2964\" data-end=\"3112\">Le pr\u00e9sent site est r\u00e9gi par le droit fran\u00e7ais.<br data-start=\"3011\" data-end=\"3014\" \/>En cas de litige, et \u00e0 d\u00e9faut de solution amiable, les tribunaux fran\u00e7ais seront seuls comp\u00e9tents.<\/p>\n<p><span><\/span><\/p>\n<p><span><\/span><\/p>\n<p><span><\/span><\/p>\n<\/blockquote>\n<p>[\/et_pb_text][\/et_pb_column][\/et_pb_row][\/et_pb_section]<\/p>\n","protected":false},"excerpt":{"rendered":"<p>Mentions l\u00e9gales1. Informations sur l\u2019\u00e9diteur du site Nom de l\u2019entreprise : Douces Merveilles (Emmanuelle Di salvo EI) Statut juridique : auto-entrepriseNom de la g\u00e9rante : Emmanuelle DisalvoAdresse du si\u00e8ge : 6b rue Co\u00ebtlosquet 57245 PeltreT\u00e9l\u00e9phone : 07 49 41 87 27E-mail : contactdoucesmerveilles@gmail.comNum\u00e9ro SIRET : 91818234600026 2. H\u00e9bergement du site H\u00e9bergeur : OVH Adresse : [&hellip;]<\/p>\n","protected":false},"author":1,"featured_media":0,"parent":0,"menu_order":0,"comment_status":"closed","ping_status":"closed","template":"","meta":{"_et_pb_use_builder":"on","_et_pb_old_content":"","_et_gb_content_width":"","footnotes":""},"class_list":["post-202","page","type-page","status-publish","hentry"],"yoast_head":"<!-- This site is optimized with the Yoast SEO plugin v27.4 - https:\/\/yoast.com\/product\/yoast-seo-wordpress\/ -->\n<title>Mentions l\u00e9gales - Douces Merveilles<\/title>\n<meta name=\"robots\" content=\"noindex, nofollow\" \/>\n<meta property=\"og:locale\" content=\"fr_FR\" \/>\n<meta property=\"og:type\" content=\"article\" \/>\n<meta property=\"og:title\" content=\"Mentions l\u00e9gales - Douces Merveilles\" \/>\n<meta property=\"og:description\" content=\"Mentions l\u00e9gales1. Informations sur l\u2019\u00e9diteur du site Nom de l\u2019entreprise : Douces Merveilles (Emmanuelle Di salvo EI) Statut juridique : auto-entrepriseNom de la g\u00e9rante : Emmanuelle DisalvoAdresse du si\u00e8ge : 6b rue Co\u00ebtlosquet 57245 PeltreT\u00e9l\u00e9phone : 07 49 41 87 27E-mail : contactdoucesmerveilles@gmail.comNum\u00e9ro SIRET : 91818234600026 2. H\u00e9bergement du site H\u00e9bergeur : OVH Adresse : [&hellip;]\" \/>\n<meta property=\"og:url\" content=\"https:\/\/www.webvice.fr\/douces-merveilles\/mentions-legales\/\" \/>\n<meta property=\"og:site_name\" content=\"Douces Merveilles\" \/>\n<meta property=\"article:modified_time\" content=\"2025-10-31T12:24:25+00:00\" \/>\n<meta name=\"twitter:card\" content=\"summary_large_image\" \/>\n<meta name=\"twitter:label1\" content=\"Dur\u00e9e de lecture estim\u00e9e\" \/>\n\t<meta name=\"twitter:data1\" content=\"1 minute\" \/>\n<script type=\"application\/ld+json\" class=\"yoast-schema-graph\">{\"@context\":\"https:\\\/\\\/schema.org\",\"@graph\":[{\"@type\":\"WebPage\",\"@id\":\"https:\\\/\\\/www.webvice.fr\\\/douces-merveilles\\\/mentions-legales\\\/\",\"url\":\"https:\\\/\\\/www.webvice.fr\\\/douces-merveilles\\\/mentions-legales\\\/\",\"name\":\"Mentions l\u00e9gales - Douces Merveilles\",\"isPartOf\":{\"@id\":\"https:\\\/\\\/www.webvice.fr\\\/douces-merveilles\\\/#website\"},\"datePublished\":\"2025-09-09T10:02:26+00:00\",\"dateModified\":\"2025-10-31T12:24:25+00:00\",\"breadcrumb\":{\"@id\":\"https:\\\/\\\/www.webvice.fr\\\/douces-merveilles\\\/mentions-legales\\\/#breadcrumb\"},\"inLanguage\":\"fr-FR\",\"potentialAction\":[{\"@type\":\"ReadAction\",\"target\":[\"https:\\\/\\\/www.webvice.fr\\\/douces-merveilles\\\/mentions-legales\\\/\"]}]},{\"@type\":\"BreadcrumbList\",\"@id\":\"https:\\\/\\\/www.webvice.fr\\\/douces-merveilles\\\/mentions-legales\\\/#breadcrumb\",\"itemListElement\":[{\"@type\":\"ListItem\",\"position\":1,\"name\":\"Accueil\",\"item\":\"https:\\\/\\\/www.webvice.fr\\\/douces-merveilles\\\/\"},{\"@type\":\"ListItem\",\"position\":2,\"name\":\"Mentions l\u00e9gales\"}]},{\"@type\":\"WebSite\",\"@id\":\"https:\\\/\\\/www.webvice.fr\\\/douces-merveilles\\\/#website\",\"url\":\"https:\\\/\\\/www.webvice.fr\\\/douces-merveilles\\\/\",\"name\":\"Douces Merveilles\",\"description\":\"\",\"potentialAction\":[{\"@type\":\"SearchAction\",\"target\":{\"@type\":\"EntryPoint\",\"urlTemplate\":\"https:\\\/\\\/www.webvice.fr\\\/douces-merveilles\\\/?s={search_term_string}\"},\"query-input\":{\"@type\":\"PropertyValueSpecification\",\"valueRequired\":true,\"valueName\":\"search_term_string\"}}],\"inLanguage\":\"fr-FR\"}]}<\/script>\n<!-- \/ Yoast SEO plugin. -->","yoast_head_json":{"title":"Mentions l\u00e9gales - Douces Merveilles","robots":{"index":"noindex","follow":"nofollow"},"og_locale":"fr_FR","og_type":"article","og_title":"Mentions l\u00e9gales - Douces Merveilles","og_description":"Mentions l\u00e9gales1. Informations sur l\u2019\u00e9diteur du site Nom de l\u2019entreprise : Douces Merveilles (Emmanuelle Di salvo EI) Statut juridique : auto-entrepriseNom de la g\u00e9rante : Emmanuelle DisalvoAdresse du si\u00e8ge : 6b rue Co\u00ebtlosquet 57245 PeltreT\u00e9l\u00e9phone : 07 49 41 87 27E-mail : contactdoucesmerveilles@gmail.comNum\u00e9ro SIRET : 91818234600026 2. H\u00e9bergement du site H\u00e9bergeur : OVH Adresse : [&hellip;]","og_url":"https:\/\/www.webvice.fr\/douces-merveilles\/mentions-legales\/","og_site_name":"Douces Merveilles","article_modified_time":"2025-10-31T12:24:25+00:00","twitter_card":"summary_large_image","twitter_misc":{"Dur\u00e9e de lecture estim\u00e9e":"1 minute"},"schema":{"@context":"https:\/\/schema.org","@graph":[{"@type":"WebPage","@id":"https:\/\/www.webvice.fr\/douces-merveilles\/mentions-legales\/","url":"https:\/\/www.webvice.fr\/douces-merveilles\/mentions-legales\/","name":"Mentions l\u00e9gales - Douces Merveilles","isPartOf":{"@id":"https:\/\/www.webvice.fr\/douces-merveilles\/#website"},"datePublished":"2025-09-09T10:02:26+00:00","dateModified":"2025-10-31T12:24:25+00:00","breadcrumb":{"@id":"https:\/\/www.webvice.fr\/douces-merveilles\/mentions-legales\/#breadcrumb"},"inLanguage":"fr-FR","potentialAction":[{"@type":"ReadAction","target":["https:\/\/www.webvice.fr\/douces-merveilles\/mentions-legales\/"]}]},{"@type":"BreadcrumbList","@id":"https:\/\/www.webvice.fr\/douces-merveilles\/mentions-legales\/#breadcrumb","itemListElement":[{"@type":"ListItem","position":1,"name":"Accueil","item":"https:\/\/www.webvice.fr\/douces-merveilles\/"},{"@type":"ListItem","position":2,"name":"Mentions l\u00e9gales"}]},{"@type":"WebSite","@id":"https:\/\/www.webvice.fr\/douces-merveilles\/#website","url":"https:\/\/www.webvice.fr\/douces-merveilles\/","name":"Douces Merveilles","description":"","potentialAction":[{"@type":"SearchAction","target":{"@type":"EntryPoint","urlTemplate":"https:\/\/www.webvice.fr\/douces-merveilles\/?s={search_term_string}"},"query-input":{"@type":"PropertyValueSpecification","valueRequired":true,"valueName":"search_term_string"}}],"inLanguage":"fr-FR"}]}},"_links":{"self":[{"href":"https:\/\/www.webvice.fr\/douces-merveilles\/wp-json\/wp\/v2\/pages\/202","targetHints":{"allow":["GET"]}}],"collection":[{"href":"https:\/\/www.webvice.fr\/douces-merveilles\/wp-json\/wp\/v2\/pages"}],"about":[{"href":"https:\/\/www.webvice.fr\/douces-merveilles\/wp-json\/wp\/v2\/types\/page"}],"author":[{"embeddable":true,"href":"https:\/\/www.webvice.fr\/douces-merveilles\/wp-json\/wp\/v2\/users\/1"}],"replies":[{"embeddable":true,"href":"https:\/\/www.webvice.fr\/douces-merveilles\/wp-json\/wp\/v2\/comments?post=202"}],"version-history":[{"count":15,"href":"https:\/\/www.webvice.fr\/douces-merveilles\/wp-json\/wp\/v2\/pages\/202\/revisions"}],"predecessor-version":[{"id":1471,"href":"https:\/\/www.webvice.fr\/douces-merveilles\/wp-json\/wp\/v2\/pages\/202\/revisions\/1471"}],"wp:attachment":[{"href":"https:\/\/www.webvice.fr\/douces-merveilles\/wp-json\/wp\/v2\/media?parent=202"}],"curies":[{"name":"wp","href":"https:\/\/api.w.org\/{rel}","templated":true}]}}